 units digit of 8*(f/56 - 22/77)?
2
Let m be 12/20 - (-1252)/(-20) - 1. Let x = m + 186. What is the hundreds digit of x?
1
Let a(t) = -2*t**3 + 2*t**2 + 4*t - 3. Let u be a(-2). Suppose -2299 - 769 = -u*v. What is the tens digit of v?
3
What is the tens digit of (33/(-4) - -2)*-28?
7
Let c(o) = 0 + 8*o - 5*o + 5 + o**2 - 2*o**2. Let r be c(6). Let n = r + 14. What is the units digit of n?
1
Let k be -1*(-147 - 12/3). Suppose 8*w + q = 3*w + k, 3*q = -5*w + 153. Let z = 32 - w. What is the units digit of z?
2
Let p(z) = -2*z - 66. Let d(k) = -k - 22. Suppose 3*i - 2*u = -2*i - 74, -3*i - 50 = -4*u. Let x(r) = i*d(r) + 5*p(r). What is the tens digit of x(16)?
4
Suppose 8*o = -0*o + 22464. Suppose 3*y = -9*y + o. What is the tens digit of y?
3
Let s(m) = -m**3 - 8*m**2 + 3. Let o be s(-8). Suppose 0 = -o*u + 2*t - 57, -3*t + 100 - 24 = -4*u. Let k = 36 + u. What is the units digit of k?
7
Let x(y) = -y + 2. Let l be x(5). Let v(o) = -o**2 - 5*o - 3. Let m(u) = 2*u**2 + 4*u + 2. Let c(z) = l*v(z) - 2*m(z). What is the tens digit of c(5)?
1
Suppose -897 - 147 = -2*d. What is the tens digit of (4/8)/(3/d)?
8
Suppose -54*l - 32*l = -443588. What is the thousands digit of l?
5
Let d = -8 - -12. Suppose -2*s - d*s = -192. Suppose -s = -v - 3*v. What is the units digit of v?
8
Let y = -735 - -1559. What is the units digit of y?
4
Let w(m) = -m + 17. Let p be w(15). Suppose p*y - y = -4. What is the tens digit of 209/5 - y/20?
4
Let v be (2 - 4) + 2 + -3. What is the tens digit of v + (-48)/(-18)*21/2?
2
Let l be (6/9)/((-6)/(-9)) + 3. What is the hundreds digit of (l + 585/(-10))/(2/(-4))?
1
Let n(f) = f + 1. Let q be n(-1). Let s = q + 30. What is the tens digit of s?
3
Suppose -23*y - 7737 = -5*c - 22*y, -4656 = -3*c - 4*y. What is the units digit of c?
8
Suppose -16*t + 3872 = -5*t. What is the tens digit of t?
5
What is the hundreds digit of (-1569)/(-7) + (-14)/98?
2
Suppose -4*f = -18274 - 38. What is the hundreds digit of f?
5
Let m(o) = -o. Let v be m(-5). Suppose 2 + 18 = v*i. Suppose 1 = i*r + z - 91, -5*r - 4*z + 126 = 0. What is the units digit of r?
2
Let m = -848 - -1354. What is the units digit of m?
6
Let u(x) = 2*x**3 - 8*x**2 + 3*x + 20. What is the tens digit of u(4)?
3
Suppose 0 = -5*c + 2*l + 67, 0 = -4*c - 0*c + 4*l + 44. What is the tens digit of (-2)/25*-5 - (-2379)/c?
5
Suppose 0 = -2*c + 3*c - 637. What is the hundreds digit of c?
6
Let t = 504 + -228. What is the units digit of t?
6
Suppose 8*t - 2065 = t. What is the hundreds digit of t?
2
Suppose 3*y - 2*h - 159 = -45, 4*y = 2*h + 154. Let d = -2 + y. What is the tens digit of d?
3
Let k(b) = 10*b - 10. Let n be ((-3)/2)/(12/72). Let c be (-4)/1 + (1 - n). What is the units digit of k(c)?
0
Suppose 5*w - 34 = 5*z + 131, 2*z + 162 = 5*w. Suppose 4*c + w = m + 3*m, -2*c - 25 = -5*m. Let f = c - -16. What is the tens digit of f?
1
Let h = -61 + 59. What is the tens digit of (-7)/(-14) - (-2 + 329/h)?
6
What is the hundreds digit of (-9259)/(-7) - (305/35 + -9)?
3
Let g = 239 + 651. What is the tens digit of g?
9
Let y = -13 + 16. Suppose j - y*j = -148. What is the units digit of j?
4
Let m = -12 + 13. What is the units digit of (-2 + m - -2)*(-9)/(-1)?
9
Let b(k) = 70*k + 94. What is the units digit of b(6)?
4
Suppose -3*f - 4*g - 3 = 0, -2*f + g = -12 + 3. Suppose -f*d = 53 + 55. Let t = 15 - d. What is the units digit of t?
1
Let k = 147 - 147. Suppose 5*t + 15 = 0, -930 = -k*o - 3*o - 2*t. What is the tens digit of o?
1
Let a(g) = -104*g - 437. What is the tens digit of a(-11)?
0
Let v be (4/(-6))/(3/(-5751)). Let z be (-4)/10 - v/30. Let t = 63 + z. What is the tens digit of t?
2
What is the units digit of (-3 - -807)*(13 - 9)?
6
Let p = -14 + 14. Suppose -y + 25 - 10 = p. What is the tens digit of ((-9)/2)/(y/(-40))?
1
Let a = 107 + -95. Suppose 10*i - a*i = -546. What is the tens digit of i?
7
Let h(q) = -q**3 + 7*q**2 - 3*q + 1. Let i be h(7). Let n be (52/(-2))/(10/i). Suppose 0 = 7*d - 193 - n. What is the units digit of d?
5
Suppose -30*o = -5198 - 21862. What is the tens digit of o?
0
Let t be ((-2)/3)/(6/(-45)). Suppose -c - t*o = -299, 0*c - 5*c - 3*o = -1451. What is the units digit of c?
9
Let h(m) = 9*m + 11. Let a be 22 - (-3)/6*-2. Let y = a - 16. What is the tens digit of h(y)?
5
Let h = 83 + -54. Let r = 47 + h. What is the units digit of r?
6
Suppose -7*z + 1259 = -7638. What is the hundreds digit of z?
2
Let q = 63 - 112. Let n(z) = -z**3 + 26*z**2 - 22*z - 5. Let s be n(25). Let a = q + s. What is the units digit of a?
1
Suppose 348*i = 345*i + 7950. What is the hundreds digit of i?
6
Let k be 15/10*(-4)/3. Let l = k - 7. Let p = 46 + l. What is the units digit of p?
7
Let f = 3 + 1. Let w(q) = -2*q + 9. What is the units digit of w(f)?
1
Suppose 3*o - 54 - 33 = 0. Suppose 2*s + 11 = 9. What is the tens digit of o + (2 - -3) + s?
3
Let a(j) = -158*j. Let d be a(-3). Suppose 5*h - d = -149. What is the tens digit of h?
6
Let x = -351 + 971. What is the tens digit of x?
2
Let j(f) = -3*f**3 - 2*f**2 - f. Suppose 0 = 3*b - 0 + 3. Let i be -3 + (1 - b) + -1. What is the units digit of j(i)?
8
Let o be (-1)/(23/8 + -3). Let f = o - -33. What is the tens digit of f?
4
What is the hundreds digit of 530/2 - (-36 - -33)?
2
Let a = 130 - 309. Let o = -9 - a. What is the units digit of o?
0
Suppose 4*i = -0*i + 1784. What is the hundreds digit of i?
4
Let c be (3 - 1)/(12/66). Let h = 6 + c. What is the tens digit of h?
1
Let n(k) = -20*k + 13 + 2*k**3 + 3*k**2 - 14*k**2 - k**3 - 4. What is the units digit of n(13)?
7
Suppose -2*u - 4*f = -12, 4*f = 7*u - 2*u - 2. Suppose -50 - 34 = -u*s. Suppose 3*q - q - s = 0. What is the tens digit of q?
2
Suppose 5*a = -5*p + 2715, -2*a + 1102 = -6*p + 4*p. What is the hundreds digit of a?
5
Let n(t) = 3*t - 10. Let q be n(5). Suppose -y + q = -0. Suppose -11 = -2*s + y*d, -3*s = d - 22 - 37. What is the units digit of s?
8
Suppose -k = -4*k - 78. Let l = k - -29. Suppose 0 = l*s - 4*d - 83, -d = 5*s - 104 + 4. What is the units digit of s?
1
Let u(d) = 4*d**3 + 2*d**2 - 1. Let w be u(1). What is the tens digit of w/(-40) + 222/(-32)*-14?
9
Let t(q) = 284*q**3 - 2*q**2 + 2*q. Let g be t(1). Suppose -4*y = 8, -2*w = -2*y + y - g. What is the tens digit of w?
4
Suppose 5*s - 233 = 2532. What is the tens digit of s?
5
Let q(y) be the second derivative of y**4/4 + 25*y**3/6 + 31*y**2/2 - 16*y. What is the tens digit of q(-13)?
1
Suppose 328 = -3*z - 2*l, -3*z - z - l - 439 = 0. Let m = z + 156. What is the tens digit of m?
4
Suppose -z - 864 = -10*z. Let g = -38 + z. What is the units digit of g?
8
Let u = 11 - 8. Suppose j - 4*j = -u*t + 351, -t + 102 = 2*j. What is the hundreds digit of t?
1
Suppose 3*z = 3*d - 42, 5*d - 30 - 36 = 4*z. Suppose -d*r = -6*r. Suppose r*f - 57 = -3*f. What is the units digit of f?
9
Let n be (0 - 2) + -10 + 266. Suppose -n = -3*m + 61. Suppose -m = l - 6*l. What is the units digit of l?
1
Let a = -1 - -17. Suppose 0 = -5*j + j - a. What is the units digit of -1 + 1 - (j - 19)?
3
Suppose 1881 = -9*n + 315. Let g = n + 318. What is the tens digit of g?
4
Suppose 0 = -5*t + 2*t - 9. Suppose -8*w + 9 = -4*w + 5*q, -3 = 2*w - 5*q. What is the units digit of (w/t)/((-5)/345)?
3
What is the tens digit of 13/(-5)*1*-25?
6
Suppose 12*v - 681 - 6039 = 0. Suppose v = y + 3*y. What is the units digit of y?
0
Suppose -1368 = -5*l + 857. What is the hundreds digit of l?
4
Suppose -3*l + 431 + 364 = 0. Suppose -5*d + 660 = -3*p, -2*d - 1 = p - l. Suppose -j + 5*c + 28 = 0, -3*j + 5*c = 2*c - d. What is the tens digit of j?
4
Let t(p) = 143*p**2 - 4*p + 5. Let w be t(1). Suppose 0 = k + k - w. What is the tens digit of k?
7
Let z = -88 + 152. Suppose -3*c + 20 = c. Suppose c*r - 3*r = z. What is the tens digit of r?
3
Let v = -219 - -130. Let k = -32 - v. Suppose a + 2*a - k = 0. What is the tens digit of a?
1
Let n(y) = y**2 - 2*y + 16. Let u be n(8). Let p = 30 + 22. Suppose 5*t - 98 = 4*c, 2*c = -5*t + u + p. What is the tens digit of t?
2
Suppose 5*i - 5*x - 122 - 73 = 0, x = -4*i + 131. Suppose -4*h + i = -198. What is the units digit of h?
8
Suppose 5*x - 12 = 2*x. Suppose 0 = -19*f + 23*f - 20. Suppose x*d - f = -d. What is the units digit of d?
1
Suppose i = -3*i - 16. What is the tens digit of 2/i + 